 2*g. What is the units digit of y(j)?
0
Let m(c) = -10*c + 99. What is the hundreds digit of m(-7)?
1
Let d(f) = f**2 - 8*f - 9. Let h be d(9). Let k(v) = -v + 2. Let g be k(h). Suppose -g*m = -29 - 43. What is the tens digit of m?
3
Suppose -2*v - 386 = 5*p, 2*v + 97 = p - 277. Let n = -147 - v. What is the tens digit of n?
4
Let v = 669 - 279. What is the hundreds digit of v?
3
Let d(y) = -y**2 - 73*y + 26. What is the tens digit of d(-29)?
0
Suppose 4*s = -9*s + 1534. What is the tens digit of s?
1
Let o be (-2)/6 + (-220)/(-12). Suppose 2*u = 8*u - o. Suppose -2*y = -u*y + 53. What is the tens digit of y?
5
Let p(h) = h + 4. Let y be p(-2). Suppose 6*r - 4*r + y = 0. What is the units digit of (0 - 20*r) + -1?
9
Suppose -s - 346 = 4*x - 1508, -5*s - 592 = -2*x. What is the hundreds digit of x?
2
Let k be (-5)/(-3)*114/95. Suppose -2*q + 40 = -k*i - 18, i + 93 = 3*q. What is the units digit of q?
2
Let c(n) = 2 + n**2 + 3*n + 2*n - 7*n. Let l be 8/((6 + -14)/4). What is the units digit of c(l)?
6
Let r(w) = w - 5*w - w + 0*w + 1. Let f be r(-1). What is the units digit of 264/9 + 4/f?
0
Let f(j) = 4*j**2 + 14*j - 14. What is the hundreds digit of f(-10)?
2
Let k(u) = -5*u + 3. Let z(p) = 10*p - 6. Let g(d) = 9*k(d) + 4*z(d). What is the tens digit of g(-8)?
4
Let o = 519 - 20. What is the units digit of o?
9
Let f = 38 - 10. Let h = f + -8. Suppose 3*s - p - h - 85 = 0, -3*p = -s + 43. What is the tens digit of s?
3
Let h(l) = l**3 + 27*l**2 + 43*l + 165. What is the tens digit of h(-12)?
0
Let t = -87 + 57. What is the units digit of ((-32)/(-6))/(t/(-45))?
8
Let q = -783 + 554. Let i = q - -468. What is the hundreds digit of i?
2
Suppose 2*w - 5*q = 2179, 3*q = -17 + 2. What is the hundreds digit of w?
0
Let q(d) = -d + 1. Let x be q(1). Suppose x = -i - i + 40. Suppose -i - 116 = -4*y. What is the tens digit of y?
3
Let y(l) = 3*l**2 + l. Let n be y(1). Let h be 2/n*(10 + -10). Suppose g = -j + 49 + 6, 3*g = h. What is the tens digit of j?
5
Let j be 0 + -4 + 6/3 + -47. Let w = 35 - -55. Let x = w + j. What is the tens digit of x?
4
Let b(t) = -2*t - 1 + 0*t**3 + t**3 + 2 - 5*t**3. Let a be b(1). Let j = a - -13. What is the units digit of j?
8
Suppose 0 = -h + 8*h - 42. Suppose -h*q + 28 = 4. What is the units digit of q?
4
Suppose 5644 + 11031 = 23*s. What is the hundreds digit of s?
7
Let h(l) = 277*l**3 + 2*l**2 + 2*l. Let j be h(-1). Let q = j - -474. What is the units digit of q?
7
Suppose 0 = -5*d - 3*t + 21, -5*d + 4*d + 11 = 4*t. What is the units digit of (2 + 205/3)*d?
1
Let v(u) = u**2 - 19*u + 30. What is the tens digit of v(18)?
1
Let z = 11 + -17. Let k = z + 10. Suppose 32 = k*l + 2*n - 3*n, 2*l = -2*n + 6. What is the units digit of l?
7
Suppose 7*o - 2*l = 2*o + 30, -5*l = 25. Suppose 0*q = -2*q - i + 275, 2*i = o*q - 546. What is the units digit of q?
7
Suppose -6*w + 9*w = 0. Suppose 4*y + w = -24. What is the units digit of ((-4)/y)/(2/102)?
4
Let m be (-30)/5 - -3 - -8. Let g(c) = 5*c + 7. What is the units digit of g(m)?
2
Suppose 0 = 2*p - 284 - 254. Suppose 5*i + j + 23 = p, -5*i - 2*j = -242. What is the units digit of i?
0
What is the thousands digit of 5225/3 - (-8 - 4)/36?
1
Suppose 192 = -5*r + 52. Let a be 5/30*-94*(-2 - 1). Let z = r + a. What is the units digit of z?
9
Let w(i) = -i**2 - 4*i. Let s be w(-3). Suppose -l + 17 = 3*z, z = -3*z - s*l + 31. What is the units digit of z?
4
Let i(z) = 2*z + 9. Let p be i(-3). Suppose p*b - 492 = -b - 5*y, -b + y + 114 = 0. What is the hundreds digit of b?
1
Suppose -11*j = -7*j, 2*j = 4*q - 6516. What is the units digit of q?
9
Let h(p) = p**3 + 7*p**2 + 5*p - 8. Let x be h(-6). Let i be 6/4*(-12)/x. Let m = i - -13. What is the units digit of m?
2
Suppose 2*h = 19*x - 14*x - 23323, x = -h + 4659. What is the units digit of x?
3
Suppose 1875 + 3900 = 15*q. What is the tens digit of q?
8
Let i be 5/5*0/3. Suppose i = -12*p + 13*p. What is the units digit of 15/6*(p - -6)?
5
Suppose -4*x - 8 = -x - 4*r, -4*x - 2*r + 26 = 0. Let k be x/(-10) - 4/(-10). Let n(c) = -c**2 - c + 22. What is the tens digit of n(k)?
2
Suppose -5*k + 4136 = 2*i, 4*k - 10*k - 6231 = -3*i. What is the tens digit of i?
7
Let b be -3*(-20)/6 + -3. Let k = b - 7. What is the units digit of (23 + k)*6/6?
3
Suppose 7*l - 3*l + 4*g = 3244, g + 4 = 0. What is the hundreds digit of l?
8
Let p = 4002 - 2053. What is the units digit of p?
9
Let u be (12/(-5))/((-6)/(-20)). What is the units digit of (-2)/u + 8820/48?
4
Let i(t) = 4*t + 8. Let k(o) = -4*o - 8. Let d(x) = -3*i(x) - 4*k(x). What is the units digit of d(5)?
8
Suppose -2*v + 3*v + 2*i = 1068, 0 = v + i - 1068. What is the units digit of v?
8
Let m(l) = 3*l**2 - 12*l + 24. Let i be (-7)/21 + 60/(-9). What is the tens digit of m(i)?
5
Suppose 2*r + 45 = 3*b, 0 = b - 3*r + 4*r - 10. What is the tens digit of b?
1
Let m = 7 + -5. Suppose 0 = 3*k + m*a - 37, -5*k + a = -2*a - 49. Suppose -2*o + 7 = -k. What is the units digit of o?
9
Suppose -4*v - f = 395, -3*v + f + 493 = -8*v. Let b be (-4)/5 - v/35. Suppose 7 = b*s - 5. What is the units digit of s?
6
Let b = -285 - -609. What is the units digit of b?
4
Suppose 1657 + 3887 = 7*l. What is the tens digit of l?
9
Suppose 5*g - 18 = -5*r + 107, -4*g = -4*r + 132. Let u be (-2)/(39/(-33) - -1). Let b = r - u. What is the units digit of b?
8
Let l = 4 - -7. Suppose l*w - 8*w = 0. Suppose w = t - 49 - 18. What is the units digit of t?
7
Let v be (1 - 18/10)*-5. Suppose 2*m = -m + v*i + 190, m - 60 = -2*i. What is the tens digit of 1/(-1 + 64/m)?
3
Suppose a - 2 = 3*c, 8 - 3 = 5*c. Let x be 150/125 + 4/5. What is the units digit of (x/a)/((-5)/(-700))?
6
Let y be ((-36)/15)/((-3)/10). Let f(a) = a**2 - 2*a + 10. What is the tens digit of f(y)?
5
Suppose 0*l + 2*l = -2, -2*k = -5*l - 221. Suppose 0 = -5*j - m + 246, -7*m - k = -2*j - 5*m. What is the tens digit of j?
5
Let q be (18/4)/(1/2). Let j be (q/6)/1*6. Let i = j + -1. What is the units digit of i?
8
Suppose -f + 1061 = 4*g, -f + 269 = -4*g + 5*g. What is the units digit of g?
4
Let k(z) = 5*z**2 + z + 3. Let y be k(-5). Let u = y + -55. What is the tens digit of u?
6
Let d(s) = -46*s**3 + 6*s**2 + 7*s + 4. What is the hundreds digit of d(-2)?
3
Suppose 13 = -2*q + q + 3*r, 2*q + 31 = 5*r. Let z = q + 54. What is the tens digit of z?
2
Suppose -5*c + b = -c - 4267, 3 = -b. Suppose 282 - c = -7*t. What is the hundreds digit of t?
1
Suppose 4*j = 2*j - 6. Let c(k) = k**3 + 5*k**2 + 3*k + 3. Let a be c(j). What is the units digit of (56/a)/((-2)/(-6))?
4
Suppose -34 = -5*l + c + 91, 0 = 3*l + c - 67. Let f = -11 + l. What is the tens digit of (-8712)/(-156) + 2/f?
5
Let i = 2306 - 1536. What is the hundreds digit of i?
7
Let c be (-8)/(-6)*51/17. Suppose -2*x = c*q - 12, -4*x + 3*q + 46 = -0*q. What is the units digit of x?
0
Let i(q) be the first derivative of 321*q**4/4 + 5*q**2/2 - 6*q + 19. What is the units digit of i(1)?
0
Let s(f) = -f**2 - 2*f - 30. Let k be s(0). Let g = -7 - k. What is the units digit of g?
3
Let g = 0 + -7. Let q(u) = u**2 - 4*u + 5. Let t be q(g). Suppose -258 + t = -4*h. What is the units digit of h?
4
Let i(b) = -b**2 + 2*b + 2. Let x be i(3). Let t be -4 + x*8/(-4). What is the units digit of (483/14)/(t/(-4))?
9
Let a(k) be the third derivative of 0 - 4/3*k**3 - 2*k**2 + 1/6*k**4 + 0*k + 1/60*k**5. What is the units digit of a(-7)?
3
Let i(u) = 63*u + 9. Let c be i(4). Suppose -c = -3*j - 3. Let x = j + -51. What is the units digit of x?
5
Suppose 0 = -15*b - 10843 + 59218. What is the thousands digit of b?
3
Let o be 2/((-2 - -1)*(-2)/4). Suppose -5*c + 819 = o*c. What is the tens digit of c?
9
Let q(b) = b**3 - 13*b**2 + 10*b + 14. Let m be q(12). Let l = 20 + m. Suppose 3*d - 18 = -v - 4, 0 = v - 3*d + l. What is the units digit of v?
2
Let t(n) = 217*n**2 + 9*n + 8. What is the units digit of t(-1)?
6
Let k be 1*(9/(-3) + 3). Let l = -6 - k. What is the units digit of l/4*2*-13?
9
Let p be (-627)/(-2) - ((-25)/10 + 2). Suppose -4*l - 63 + 656 = r, -2*l = 4*r - p. What is the hundreds digit of l?
1
Let l = 5963 + -3852. What is the thousands digit of l?
2
Suppose -19*b - 3706 = -12313. What is the tens digit of b?
5
Let a = 15 - 4. Suppose -3*t + a - 2 = 0. Suppose 3*h = f - 27, 13 + 74 = t*f - 3*h. Wha